+ -3 + (1 - -1 - 1) + -8. Calculate the highest common divisor of 78 and b.
39
Let j = -3 - -64. Suppose -4*l + j = -w, -2*w - 10*l - 174 = -5*l. Let g be w*(1 - (-45)/(-35)). What is the highest common divisor of g and 88?
22
Let m be ((5 - 5) + -125)*(-8)/5. Suppose -5*a - 3*l = -2*a - 303, -4*l + m = 2*a. Calculate the highest common divisor of a and 51.
51
Suppose 3*t - 58 = -5*j + 12, 0 = -5*t - 4*j + 108. Let a be (3 - 1)*(-270)/(-2). Calculate the greatest common factor of a and t.
10
Let s be 1/(-3) - 4290/(-18). Let u = -234 + s. What is the highest common divisor of u and 1?
1
Let w(j) = j - 8 + 20 - 4*j + j**2. Let h be w(6). Calculate the highest common factor of h and 240.
30
Suppose -2*t + 848 = 7*s - 5*s, -2*t = -2*s - 832. Let x = -396 + t. Calculate the highest common divisor of 276 and x.
12
Suppose -n - 108 = -5*v - 505, -2174 = -5*n - 2*v. Calculate the greatest common factor of n and 261.
9
Let h be 8 + 0 + 3950/60 - (-84)/72. Let z = 140 + -80. Calculate the highest common divisor of h and z.
15
Let r(d) = 5*d**2 - 26*d + 9. Let o be r(3). Let h be (-11 + 1 - -3)*o/7. Calculate the greatest common factor of h and 324.
12
Let a be -5*(-2 - 8/(-10)). Let o be (-1 - -5)*15/a. Let l(b) = 61*b - 12. Let h be l(2). What is the highest common factor of h and o?
10
Let p = 2101 + -1727. Let g be (1 + -2)*396/(-18). Calculate the highest common factor of p and g.
22
Let h be -8 + 50/6 + (-80)/(-3). Suppose 0 = h*q - 31*q + 40. Calculate the highest common factor of q and 35.
5
Suppose 8 + 7 = 3*i. Let n(x) = 2*x**2 + 45*x - 1237. Let r be n(-39). What is the greatest common divisor of i and r?
5
Let j(h) be the first derivative of h**4/4 - h**3 - 2*h**2 - 2*h - 9. Let y be j(4). Let p be 80/(-15)*21/y. Calculate the highest common divisor of 14 and p.
14
Let s = 345 - 309. Let x = s - -4. What is the highest common factor of x and 5?
5
Let n(d) = -26*d - 34. Let h be n(-2). Let l be 84/(-8)*h/(-63). Calculate the greatest common factor of 156 and l.
3
Suppose 0 = -9*m + 8*m + 90. Let t(h) = -5*h - 210. Let b be t(-44). What is the greatest common factor of m and b?
10
Let p be ((-4 - -3) + -2)*-7. Suppose -65 = -3*k - a, a - 94 = -4*k - 4*a. What is the greatest common divisor of p and k?
21
Let s = 20 + -76. Suppose 3*n - 172 = -2*q, 87 = 2*q - q + 2*n. Let u = s + q. What is the highest common factor of u and 216?
27
Suppose 2 - 8 = -3*v. Suppose 3*w + 4*s = 3*s + 108, 0 = -3*w - v*s + 108. Suppose 6 - w = -2*b. What is the greatest common factor of b and 10?
5
Let b = 3776 - 2588. What is the highest common factor of b and 1056?
132
Let l = 215 - 203. Suppose -c = -2*a + 104, -l*a + 4*c + 104 = -10*a. Calculate the highest common divisor of 39 and a.
13
Let g(j) = j + 165. Let i be g(12). Calculate the highest common factor of i and 236.
59
Let s(f) = -99*f - 9322. Let w be s(-110). What is the greatest common factor of w and 104?
8
Suppose 58 - 106 = -16*a. Suppose 3*b + 465 = 5*v, 8*b + 186 = 2*v + 3*b. What is the greatest common divisor of a and v?
3
Suppose -13*m = -17*m + 160. Let a = 56 - m. Let n(y) = -8*y + 8. Let g be n(-7). What is the highest common factor of g and a?
16
Let b(t) = -79*t + 3. Let w be b(-3). Let z = 242 - w. Calculate the highest common factor of 10 and z.
2
Let d(p) = 43*p**2 + 3*p - 2. Let x be d(2). Let b be (11 - 2058/182)*(-132 + -11). What is the highest common factor of x and b?
44
Let a be 1904/48*(-3)/(-1). Suppose t - a = -y - t, t = y - 116. Suppose -x + 21 = 2*f, -2*x + 2*f + 18 = -0*f. What is the greatest common divisor of y and x?
13
Suppose 5*z = 2*m - 60, 4*m + 3*z = 8*m - 92. Suppose 11 = 6*g - 19. What is the highest common divisor of m and g?
5
Let c = 4 - 0. Let x be (-46)/2 - 4/20*5. Let r be 1*(-2)/(2*4/x). Calculate the highest common factor of r and c.
2
Suppose 0 = 5*z + 5*t - 25, -74*t + 71*t = z - 11. Calculate the greatest common factor of z and 257.
1
Suppose -3*a + 24591 = 3*k, -23*k + 21*k + 4 = 0. What is the greatest common factor of 11 and a?
11
Let r(t) = -t**2 - 5*t + 104. Let j be r(7). Suppose 12 = 3*p - 0*p. Suppose z = p*z - 660. What is the greatest common factor of z and j?
20
Let v(h) = 4*h + 39. Let r be v(-9). Suppose 5*y = 2*q + 75 + 10, -4*y + r*q = -75. What is the highest common divisor of y and 9?
3
Let z be 50*(3 + (-20)/8). Let q(c) = 3*c + 14*c**2 + 1 + 4 - 5*c + c. Let n be q(4). Calculate the highest common divisor of n and z.
25
Let k(t) = 519 - 296 + 10*t - 286. Let s be k(8). Calculate the greatest common factor of 51 and s.
17
Let n = 27 - -4. Suppose 2*z + 37 = n. Let d(w) = -2*w**3 - 3*w**2 - 4*w - 7. Let g be d(z). What is the greatest common factor of g and 48?
16
Suppose 22 = 3*c - 5*p, -14 = -2*c - 4*p + 7*p. Suppose -5*l = -10*l + 4*h + 366, -c*l = -h - 284. What is the greatest common divisor of l and 35?
35
Let u = -296 + 704. Suppose 84 = 14*h + 14. Suppose -h*r = -r - u. Calculate the greatest common factor of r and 34.
34
Let n be (34/(-85))/((-1)/450). Let c be (-14 - 1)/(n/(-648)). Calculate the highest common divisor of 48 and c.
6
Let a = -7484 - -7606. What is the greatest common factor of a and 11773?
61
Let b(j) = 60*j + 20. Let s be b(-4). Let l be (34 - 31)*(s/(-6))/(-2). Let c = l - -77. Calculate the highest common divisor of c and 4.
2
Let j(m) = 4*m**2 - 4. Let x be j(4). Let a = -45 - -48. Let g be (-590)/(-15) + 2/a. What is the greatest common divisor of g and x?
20
Let n = -65 + -17. Let w = n - -86. Suppose 3 = 2*a + w*m - 5, 4*m = -a - 2. Calculate the greatest common factor of a and 6.
2
Suppose 2*o = -3*o + 20, -35 = -3*d - 5*o. Let g be 16 + -3 + (-15)/5. Suppose 6 - g = -x. What is the highest common divisor of x and d?
1
Let q be (-4)/10 - (-884)/10. Suppose -9*x + 1411 = 520. Calculate the highest common divisor of q and x.
11
Let t = 40 + 24. Let c(u) = -56 + u**2 - 42 + t - 17*u. Let z be c(19). What is the highest common factor of 12 and z?
4
Let h = 5968 + -5909. Calculate the highest common factor of h and 59.
59
Let q = -167 + 185. Let x = q - -47. Calculate the highest common factor of 260 and x.
65
Let v = 16736 - 15712. Calculate the highest common divisor of 192 and v.
64
Let l = 2889 + -2859. Calculate the highest common divisor of l and 760.
10
Let n(f) = -f**2 + 14*f + 22. Let w be n(15). Suppose -6 = -w*q + 10*q. Let l be (-16)/(-6) + q/(-6). Calculate the greatest common divisor of l and 12.
3
Suppose 4*z = -9*z + 2535. Suppose 6*c - 699 + z = 0. What is the greatest common factor of 252 and c?
84
Let h(t) = 108*t + 12218. Let w be h(-113). Let k = 8 + -4. What is the greatest common divisor of k and w?
2
Let z(d) = -4*d**3 + 2*d**2 - 2. Let l be z(-1). Let u be l/(-22) - (-92)/22. Let f be 0 - -3*(-2 + 12/u). Calculate the greatest common factor of 6 and f.
3
Let p = 13806 - 8683. What is the highest common factor of 109 and p?
109
Let a = 74956 - 74950. Let n = 58 - -80. Calculate the greatest common divisor of n and a.
6
Let l be (-457)/(-7) + 1 + (-153)/119. What is the highest common divisor of l and 25?
5
Let c be (412*2)/4 - -4. Let i = -107 + c. Let k = i + -67. What is the highest common factor of k and 90?
18
Let w = -759 - -1461. What is the greatest common factor of w and 810?
54
Let o(v) = -93*v + 99*v + 2*v**2 - 2*v**2 - 5*v**2 - 4 + 7*v**2. Suppose 20 = 2*z - 6*z. Let h be o(z). Calculate the greatest common factor of h and 48.
16
Let c = -12701 - -20757. What is the greatest common factor of 456 and c?
152
Let h be (-18 + (-42)/1)/(4/(-6)). Calculate the highest common divisor of 108 and h.
18
Let g be (-4)/14 + (-15005)/35 + 3. Let r be (-90)/(-240) + g/(-16). Calculate the greatest common factor of r and 144.
9
Let r be (-16 - -8)/2 - -7. Suppose 2*g - 141 = -r*m, m = 16 - 17. Calculate the highest common factor of g and 4.
4
Suppose 0 = -4*r - 6*r + 14*r - 6920. Calculate the greatest common factor of 40 and r.
10
Let l(w) = 3*w**2. Let i be l(2). Let m be (9 - 11 - 2*-3) + -2. Suppose 4 = s + m*y, y + 28 = 3*s + 3*y. Calculate the highest common factor of i and s.
12
Suppose -3*a + 24 = 3*a. Let t be (2 + 5 - 9) + 5*1. Let k = t - -7. Calculate the highest common divisor of k and a.
2
Suppose 2*l = -4*p + 420, 2*l - 2*p - 217 - 203 = 0. Calculate the greatest commo